575364. Determine d(-162).
-222
Let a(c) = 325*c - 34762. Give a(102).
-1612
Let q(j) = -j**2 - 151*j + 4516. Calculate q(-177).
-86
Let h(v) = v**2 - 68*v - 8504. What is h(-67)?
541
Let r(d) = 2*d**2 - 922*d + 76344. What is r(108)?
96
Let l(w) = -4059*w - 32384. What is l(-8)?
88
Let j(h) = 5*h**3 - 72*h**2 - 10*h - 475. Give j(17).
3112
Let j(v) = -4575*v + 59441. Determine j(13).
-34
Let u(s) = 12*s**3 + 3020*s**2 - 965*s + 10835. What is u(-252)?
-1
Let d(q) = 9*q**2 + 1117*q + 55. What is d(-124)?
-69
Let o(c) = -1087*c - 137369. Calculate o(-126).
-407
Let o(b) = 247*b + 16294. Calculate o(-72).
-1490
Let x(y) = 6195*y + 12374. What is x(-2)?
-16
Let u(c) = c**3 + 23*c**2 - 2088*c - 50929. Calculate u(-25).
21
Let m(n) = n**3 - 643*n - 1932. Determine m(-3).
-30
Let w(k) = 1042*k + 13334. Determine w(-11).
1872
Let d(b) = b**3 + 57*b**2 - 1247*b - 23588. Determine d(-70).
2
Let f(x) = 63*x**2 - 1923*x - 7454. Give f(34).
-8
Let k(g) = 6*g**2 - 8722*g + 86626. Give k(10).
6
Let u(f) = 9228*f + 110538. Determine u(-12).
-198
Let z(w) = -6913*w - 158973. Calculate z(-23).
26
Let p(w) = w**3 - 30*w**2 + 15588*w - 138576. Determine p(9).
15
Let q(g) = 73*g - 844. What is q(0)?
-844
Let j(h) = -2*h**3 - 84*h**2 - 783*h - 1. Give j(-14).
-15
Let i(f) = 24929*f - 598285. Give i(24).
11
Let z(m) = -45*m**2 - 49*m + 96. Calculate z(4).
-820
Let c(g) = 146214*g - 1169668. Calculate c(8).
44
Let y(s) = 2*s**3 + 996*s**2 + 5853*s - 25091. Calculate y(-492).
1
Let k(c) = -17*c**2 - 929*c - 1787. What is k(-2)?
3
Let s(o) = -3*o**3 - 2067*o**2 - 4103*o + 13056. Calculate s(-687).
3
Let v(b) = 2210*b + 33206. Give v(-15).
56
Let a(q) = 470*q + 5653. Give a(-12).
13
Let k(h) = -1946*h**2 + 25296*h - 54. Determine k(13).
-80
Let k(i) = -876*i**2 - 8424*i + 3357. Determine k(-10).
-3
Let x(f) = -6*f**2 - 179721*f - 359434. What is x(-2)?
-16
Let q(n) = 6912*n - 497679. Give q(72).
-15
Let n(w) = 446357*w + 1785326. Give n(-4).
-102
Let p(a) = -329*a + 2707. Give p(13).
-1570
Let g(q) = -6*q**2 + 382*q - 4894. Determine g(17).
-134
Let y(i) = 6437*i - 225294. Give y(35).
1
Let p(d) = -d**2 - 333*d - 16931. Determine p(-78).
2959
Let m(a) = 999*a - 3958. Give m(7).
3035
Let n(v) = -21*v**3 - 5*v**2 + v + 43. Calculate n(4).
-1377
Let z(d) = d**3 + 685*d**2 - 9165*d - 63535. Give z(-698).
-17
Let k(d) = d**3 + 216*d**2 + 4104*d + 1741. Determine k(-195).
-14
Let y(m) = m**2 - 985*m + 12870. Give y(13).
234
Let h(o) = o**3 - 2*o**2 + 273*o + 1133. What is h(-4)?
-55
Let t(l) = -536*l - 16557. What is t(-31)?
59
Let l(g) = 126*g**2 + 1215*g - 342. Calculate l(-10).
108
Let y(x) = 2191*x - 1045105. Give y(477).
2
Let j(d) = 1151520*d + 2303038. What is j(-2)?
-2
Let j(z) = 9*z**2 + 2*z - 598. Determine j(-12).
674
Let u(z) = 113*z - 654. Determine u(9).
363
Let n(z) = -222*z - 137. What is n(16)?
-3689
Let y(u) = -13*u**3 - 987*u**2 - 65*u - 10806. Give y(-76).
-90
Let j(w) = -4540*w + 59013. Give j(13).
-7
Let m(j) = -j**3 - 44*j**2 + 473*j + 5875. Give m(-51).
-41
Let l(r) = 30*r - 4594. Calculate l(214).
1826
Let g(p) = -58*p + 1714. Calculate g(36).
-374
Let h(d) = 4*d**3 - 41*d**2 + 29*d + 111. What is h(10)?
301
Let z(d) = 357*d**3 + d**2 + 12*d - 2. Determine z(-1).
-370
Let u(l) = -l**2 + 951*l - 8549. Determine u(9).
-71
Let i(r) = -186*r - 13932. What is i(-65)?
-1842
Let r(d) = 17246*d + 3863098. Calculate r(-224).
-6
Let v(k) = -k**2 - 89334*k - 1875579. Give v(-21).
-6
Let x(s) = -9*s**2 + 1187*s - 5633. What is x(127)?
-45
Let o(j) = 175*j**3 + 2107*j**2 - 11*j + 4. Calculate o(-12).
1144
Let v(g) = -217*g**2 - 1908*g - 81. What is v(-8)?
1295
Let h(x) = 764*x - 3242. What is h(1)?
-2478
Let s(o) = 5710*o + 174. Determine s(0).
174
Let m(p) = -191*p - 18358. Give m(-104).
1506
Let q(y) = 579*y**2 - 2865*y - 144. Calculate q(5).
6
Let q(i) = 738*i - 30856. What is q(42)?
140
Let w(t) = -t**2 + 1177*t - 120229. What is w(113)?
3
Let c(f) = -203*f + 26983. Give c(146).
-2655
Let m(s) = -226*s**2 + 21473*s - 288. Give m(95).
-3
Let p(f) = 1993932*f + 13957500. Calculate p(-7).
-24
Let h(x) = -5*x**3 + 70*x**2 - 34*x - 246. What is h(14)?
-722
Let d(b) = -5*b**3 - 835*b**2 - b + 24. Determine d(-167).
191
Let a(j) = -121070*j + 121030. What is a(1)?
-40
Let n(p) = 3417*p - 68401. Determine n(20).
-61
Let g(p) = -93672*p + 4589953. Calculate g(49).
25
Let l(g) = -2*g**3 - 1875*g**2 + 30514*g - 36. What is l(16)?
-4
Let m(h) = -2*h**3 - 166*h**2 - 392*h - 5631. Give m(-81).
-123
Let u(b) = -9962*b + 8188765. Give u(822).
1
Let t(o) = -o**2 + 8*o + 334. Give t(22).
26
Let b(f) = -29*f**3 + 8*f**2. Calculate b(0).
0
Let l(o) = 158*o**2 + 32393*o + 602. What is l(-205)?
-13
Let q(r) = -391849*r - 783602. What is q(-2)?
96
Let k(b) = b**3 - 176*b**2 - 52267*b + 2218. Determine k(-157).
20
Let t(r) = r**3 + 139*r**2 + 16*r + 22394. What is t(-140)?
554
Let v(i) = -6*i**2 - 481*i + 3899. Determine v(8).
-333
Let q(c) = 13*c**2 - 330*c + 323. Calculate q(1).
6
Let t(m) = -m**2 + 197*m - 9133. Calculate t(92).
527
Let x(v) = 4*v**3 - 71*v**2 - 172*v - 26. What is x(18)?
-2798
Let a(i) = 6*i**3 - 712*i**2 - 237*i - 184. Give a(119).
-65
Let d(m) = -1911*m - 15294. Calculate d(-8).
-6
Let x(y) = -2*y**2 - 128*y + 24375. Calculate x(82).
431
Let j(n) = -161*n**2 + 3252*n - 632. Determine j(20).
8
Let h(p) = 784*p + 2614. Give h(-3).
262
Let i(b) = -2*b**2 + 3251*b - 1057357. Calculate i(1176).
-133
Let d(c) = 65729*c + 854466. Determine d(-13).
-11
Let b(m) = 3*m**3 - 74*m**2 - 311*m + 461. Determine b(28).
-407
Let f(k) = -4*k**3 - 2233*k**2 + 10684*k - 7303. Calculate f(-563).
16
Let d(x) = 5785*x - 75328. Give d(13).
-123
Let p(j) = 3*j**2 + 2912*j + 496504. Give p(-750).
4
Let t(l) = l**3 + 153*l**2 + 167*l + 635. Calculate t(-152).
-1645
Let u(i) = -13277*i - 358519. What is u(-27)?
-40
Let f(x) = 2*x**2 + 2151*x + 114199. Determine f(-56).
15
Let f(w) = 16614*w - 16594. Determine f(1).
20
Let p(i) = 4*i**2 + 123*i - 2413. Calculate p(13).
-138
Let j(p) = -17*p**2 - 2715*p + 279984. Determine j(-231).
12
Let z(w) = 2279*w + 1125860. Calculate z(-494).
34
Let z(h) = -53*h**2 + 1813*h - 326. Determine z(34).
48
Let a(h) = -2*h**2 - 101*h + 2366. Give a(27).
-1819
Let x(s) = -8*s**3 + 2736*s**2 + 11075*s - 1036. Calculate x(346).
2
Let d(k) = 3609*k - 34257. What is d(10)?
1833
Let r(x) = -1462*x - 105886. What is r(-72)?
-622
Let r(b) = b**3 - b**2 - 68873*b + 275448. What is r(4)?
4
Let d(p) = -p**3 - 17*p**2 + 287*p + 4735. Calculate d(-20).
195
Let g(f) = -3*f**3 + 175*f**2 - 368*f - 1351. Determine g(56).
-7
Let x(j) = 5498*j - 104472. Calculate x(19).
-10
Let c(i) = -8*i**2 + 1522*i + 1215. What is c(191)?
69
Let c(k) = k**3 + 65*k**2 + 906*k + 317. What is c(-45)?
47
Let q(n) = 64*n - 17250. Give q(219).
-3234
Let r(q) = -4705*q - 47356. Determine r(-10).
-306
Let y(q) = 74026*q - 592217. Calculate y(8).
-9
Let z(w) = -6298048*w + 12596104. Give z(2).
8
Let f(v) = 1180*v - 126285. Calculate f(106).
-1205
Let k(y) = -y + 74. Calculate k(-19).
93
Let j(z) = 6732*z + 13463. Determine j(-2).
-1
Let p(a) = a**3 + 518*a**2 + 584*a + 34144. Determine p(-517).
-495
Let y(s) = 155*s**2 + 612*s + 20. Calculate y(-4).
52
Let b(z) = 4344*z + 291034. Give b(-67).
-14
Let r(f) = -130*f**2 + 1979*f - 1979. Determine r(1).
-130
Let p(g) = g**3 - 479*g**2 + 10504*g - 7316. What is p(456)?
-20
Let c(z) = -5*z**2 + 712*z - 341. Determine c(144).
-1493
Let k(i) = -5587*i - 2123061. What is k(-380)?
-1
Let p(u) = -1078*u - 39895. Give p(-37).
-9
Let u(i) = -2368*i + 9763. What is u(4)?
291
Let w(f) = -3*f**3 - 1616*f**2 - 2806*f - 64980. Determine w(-537).
-3
Let d(i) = -1923*i - 71143. Calculate d(-37).
8
Let x(v) = 656*v**2 + 858037*v - 14374. What is x(-1308)?
14
Let m(u) = -2*u**3 - 34*u**2 - 3654*u - 50009. Calculate m(-14).
-29
Let p(i) = -37*i + 956. Determine p(-7).
1215
Let q(o) = 127*o - 2904. Determine q(20).
-364
Let k(v) = 2*v**3 - 14*v**2 - 18*v - 73. Determine k(10).
347
Let r(l) = 16*l**2 + 2424*l + 36584. Calculate r(-17).
0
Let u(c) = -201*c**2 - 9244*c + 86. What is u(-46)?
-6
Let w(k) = k**3 - 17*k**2 + 33014*k - 527972. Determine w(16).
-4
Let g(a) = -734708*a + 2938801. Determine g(4).
-31
Let r(c) = -c**3 - 11*c**2 + 49*c + 631. Calculate r(-15).
7